{"id":1535,"date":"2024-05-24T16:43:41","date_gmt":"2024-05-24T14:43:41","guid":{"rendered":"http:\/\/testm.odfisca.lu\/?page_id=1535"},"modified":"2024-05-24T16:43:41","modified_gmt":"2024-05-24T14:43:41","slug":"deduction-fiscale","status":"publish","type":"page","link":"https:\/\/www.odfisca.lu\/index.php\/deduction-fiscale\/","title":{"rendered":"D\u00e9duction fiscale"},"content":{"rendered":"\n<hr class=\"wp-block-separator has-alpha-channel-opacity\"\/>\n\n\n\n<h2 class=\"wp-block-heading\">D\u00e9duction fiscale : focus sur les d\u00e9penses sp\u00e9ciales d\u00e9ductibles<\/h2>\n\n\n\n<p>On recense plusieurs postes de d\u00e9penses sp\u00e9ciales d\u00e9ductibles.<br>Ces d\u00e9penses vont faire diminuer le revenu imposable du contribuable, et donc faire diminuer ses imp\u00f4ts.<br>Il existe 7 principaux types de d\u00e9penses sp\u00e9ciales qui sont d\u00e9ductibles :<\/p>\n\n\n\n<h3 class=\"wp-block-heading\">Les arr\u00e9rages et rentes permanentes<\/h3>\n\n\n\n<h3 class=\"wp-block-heading\">Les primes d&rsquo;assurance d\u00e9ductibles<\/h3>\n\n\n\n<p>Cela concerne des rentes pay\u00e9es en vertu de certaines obligation particuli\u00e8re (cas d\u2019un parent, d\u2019une descendance ou d\u2019un conjoint) ou encore dans le cas d\u2019un conjoint divorc\u00e9 qui par consentement mutuel ou d\u00e9cision judiciaire aurai pay\u00e9 des rentes.<\/p>\n\n\n\n<p>Le montant maximum d\u00e9ductible est plafonn\u00e9 par an et par conjoint divorc\u00e9 \u00e0 24.000,00 \u20ac.<\/p>\n\n\n\n<h3 class=\"wp-block-heading\">Les int\u00e9r\u00eats d\u00e9biteurs sur pr\u00eat \u00e0 la consommation ou pr\u00eat \u00e0 temp\u00e9rament<\/h3>\n\n\n\n<p>Dans le cas o\u00f9 des cotisations ou primes sont pay\u00e9es aupr\u00e8s de compagnies d\u2019assurance ayant un si\u00e8ge dans un \u00e9tat membre de l\u2019Union Europ\u00e9enne, elles seront d\u00e9ductibles.<\/p>\n\n\n\n<p><strong>Quels sont les primes d&rsquo;assurance d\u00e9ductibles ?<\/strong><\/p>\n\n\n\n<p>&#8211; primes de responsabilit\u00e9 civile v\u00e9hicule, habitation&#8230;<br>&#8211; primes d&rsquo;assurance vie, d&rsquo;assurance d\u00e9c\u00e8s, invalidit\u00e9<br>&#8211; primes d&rsquo;assurance solde restant d\u00fb<br>&#8211; primes ou cotisations de mutuelle ou compl\u00e9mentaire soins de sant\u00e9<\/p>\n\n\n\n<p>Le plafond pour l\u2019ensemble de ces primes d\u00e9ductible s\u2019\u00e9l\u00e8ve \u00e0 672\u20ac par an, \u00e0 savoir que ce montant est multipli\u00e9 en fonction du nombre de personnes faisant partie du m\u00e9nages.<\/p>\n\n\n\n<h3 class=\"wp-block-heading\">Les plans d&rsquo;\u00e9pargne pr\u00e9voyance vieillesse (\u00e9pargne pension ou \u00e9pargne retraite)<\/h3>\n\n\n\n<p>Les primes vers\u00e9es dans le cadre d&rsquo;un contrat individuel de pension (ou \u00e9pargne pr\u00e9voyance vieillesse, art 111 bis) sont d\u00e9ductibles des revenus<\/p>\n\n\n\n<h3 class=\"wp-block-heading\">Les plans d&rsquo;\u00e9pargne logement<\/h3>\n\n\n\n<p>Les versements annuels effectu\u00e9s aupr\u00e8s d&rsquo;un contrat d&rsquo;\u00e9pargne logement sont d\u00e9ductibles du revenu imposable jusqu&rsquo;\u00e0 un montant maximum de 1344\u20ac \/ an et par personne dans le foyer.<\/p>\n\n\n\n<p>Le montant est de 672\u20ac apr\u00e8s les 40 ans du preneur.<\/p>\n\n\n\n<p>Attention toutefois : les caisses d&rsquo;\u00e9pargne logement agr\u00e9\u00e9es pour recevoir ces cotisations ne peuvent proposer que ces produits d&rsquo;\u00e9pargne et aucun autre produit financier.<\/p>\n\n\n\n<h3 class=\"wp-block-heading\">Les cotisations personnelles dans le cadre d&rsquo;un r\u00e9gime compl\u00e9mentaire de pension<\/h3>\n\n\n\n<p>Dans le cas o\u00f9 l&#8217;employeur met en place un r\u00e9gime compl\u00e9mentaire de pension en faveur de ses salari\u00e9s.<\/p>\n\n\n\n<p>Et que le salari\u00e9 est amen\u00e9 \u00e0 verser une cotisation personnelle suppl\u00e9mentaire, celle-ci sera d\u00e9ductible des revenus imposables, avec un maximum de 100 \u20ac par mois ou 1.200 \u20ac pour l&rsquo;ann\u00e9e.<\/p>\n\n\n\n<h3 class=\"wp-block-heading\">Dons et lib\u00e9ralit\u00e9s<\/h3>\n\n\n\n<p>Les dons en esp\u00e8ces aupr\u00e8s d&rsquo;organismes d&rsquo;utilit\u00e9 publique ou d&rsquo;ONG (Organisations non gouvernementales) sont d\u00e9ductibles des revenus.<\/p>\n\n\n\n<p>Afin que ces dons soient d\u00e9ductibles, il faut que le montant cumul\u00e9 des diff\u00e9rents dons \u00e9ventuels soit de minimum 120 \u20ac sur l&rsquo;ann\u00e9e et maximum 1.000.000\u20ac ou 20 % du revenu annuel.<\/p>\n\n\n\n<h2 class=\"wp-block-heading\">D\u00e9duction fiscale : focus sur les int\u00e9r\u00eats d&#8217;emprunts immobiliers d\u00e9ductibles<\/h2>\n\n\n\n<p>Mis \u00e0 part les int\u00e9r\u00eats d\u00e9ductibles en tant que d\u00e9penses sp\u00e9ciales cit\u00e9s pr\u00e9c\u00e9demment, tous les contribuables peuvent d\u00e9duire les int\u00e9r\u00eats de leurs emprunts immobiliers de leur r\u00e9sidence principale.<\/p>\n\n\n\n<p>Ce cas est possible; quel que soit le pays de souscription de l\u2019emprunt, la condition \u00e9tant qu\u2019il doit \u00eatre li\u00e9 \u00e0 une habitation de r\u00e9sidence principale au Grand-Duch\u00e9 de Luxembourg, en Belgique, en France ou en Allemagne.<\/p>\n\n\n\n<p>Quel est le montant d\u2019int\u00e9r\u00eats maximum d\u00e9ductible ?<\/p>\n\n\n\n<p>Le maximum d\u00e9ductible est de :<\/p>\n\n\n\n<p>2.000 \u20ac pour l\u2019ann\u00e9e de la domiciliation ainsi que les 5 ann\u00e9es suivantes,<br>1.500 \u20ac \u00e0 partir de la 6\u00e8me ann\u00e9e jusqu&rsquo;\u00e0 la 10\u00e8me ann\u00e9e,<br>1.000&nbsp;\u20ac au-del\u00e0 de la 10\u00e8me ann\u00e9e.<\/p>\n\n\n\n<p><br>Tous ces montants d\u00e9ductibles peuvent \u00eatre multipli\u00e9s en fonction du nombre de personnes faisant partie du m\u00e9nage.<\/p>\n\n\n\n<p>Attention ces limites de d\u00e9duction d\u2019int\u00e9r\u00eats sont possibles uniquement lorsqu\u2019il s\u2019agit de la r\u00e9sidence principale du contribuable<\/p>\n\n\n\n<p>Entre la date de signature du cr\u00e9dit et le d\u00e9but de la domiciliation, en cas de construction, de travaux de r\u00e9novation ou autres, les int\u00e9r\u00eats sont d\u00e9ductibles sans limite de montant. De m\u00eame, lors de la signature du cr\u00e9dit et de l\u2019ouverture de ce cr\u00e9dit sign\u00e9 par-devant notaire, avec constitution de garanties en faveur de la banque pr\u00eateuse. Les frais notari\u00e9s li\u00e9s \u00e0 cette ouverture de cr\u00e9dit sont d\u00e9ductibles sans limite.<\/p>\n\n\n\n<p>Donc lors d\u2019un emprunt immobilier que ce soit dans le cas d\u2019un achat ou d\u2019une construction qui concerne une habitation de r\u00e9sidence priv\u00e9e, chaque contribuable pourra d\u00e9duire :<\/p>\n\n\n\n<p>Les frais de notaire li\u00e9s \u00e0 cette ouverture de cr\u00e9dit,<br>Les int\u00e9r\u00eats de cet emprunt, avec et\/ou sans limite en fonction du d\u00e9but de r\u00e9sidence dans cette habitation,<br>L\u2019assurance solde restant d\u00fb, en suivant les sp\u00e9cificit\u00e9s fiscales, que ce soit en prime unique ou en primes annuelles (voir d\u00e9penses sp\u00e9ciales)<\/p>\n\n\n\n<h2 class=\"wp-block-heading\">D\u00e9duction fiscale : focus sur les charges extraordinaires<\/h2>\n\n\n\n<p>Concernant les charges extraordinaires, la loi d\u00e9crit comme extraordinaire, une charge provenant d\u2019une obligation qui n\u2019incombe pas \u00e0 la majorit\u00e9 des contribuables. La charge se doit d\u2019\u00eatre in\u00e9vitable et son montant doit r\u00e9duire de mani\u00e8re consid\u00e9rable la facult\u00e9 contributive du contribuable.<\/p>\n","protected":false},"excerpt":{"rendered":"<p>D\u00e9duction fiscale : focus sur les d\u00e9penses sp\u00e9ciales d\u00e9ductibles On recense plusieurs postes de d\u00e9penses sp\u00e9ciales d\u00e9ductibles.Ces d\u00e9penses vont faire diminuer le revenu imposable du contribuable, et donc faire diminuer &#8230;<\/p>\n","protected":false},"author":1,"featured_media":0,"parent":0,"menu_order":0,"comment_status":"closed","ping_status":"closed","template":"","meta":{"footnotes":""},"class_list":["post-1535","page","type-page","status-publish","hentry"],"_links":{"self":[{"href":"https:\/\/www.odfisca.lu\/index.php\/wp-json\/wp\/v2\/pages\/1535","targetHints":{"allow":["GET"]}}],"collection":[{"href":"https:\/\/www.odfisca.lu\/index.php\/wp-json\/wp\/v2\/pages"}],"about":[{"href":"https:\/\/www.odfisca.lu\/index.php\/wp-json\/wp\/v2\/types\/page"}],"author":[{"embeddable":true,"href":"https:\/\/www.odfisca.lu\/index.php\/wp-json\/wp\/v2\/users\/1"}],"replies":[{"embeddable":true,"href":"https:\/\/www.odfisca.lu\/index.php\/wp-json\/wp\/v2\/comments?post=1535"}],"version-history":[{"count":1,"href":"https:\/\/www.odfisca.lu\/index.php\/wp-json\/wp\/v2\/pages\/1535\/revisions"}],"predecessor-version":[{"id":1536,"href":"https:\/\/www.odfisca.lu\/index.php\/wp-json\/wp\/v2\/pages\/1535\/revisions\/1536"}],"wp:attachment":[{"href":"https:\/\/www.odfisca.lu\/index.php\/wp-json\/wp\/v2\/media?parent=1535"}],"curies":[{"name":"wp","href":"https:\/\/api.w.org\/{rel}","templated":true}]}}